*3 + 4 - 5*u**2 + 0*u**2 - 6*u. Suppose -5*r + 20 = 5*a, 4*a - 2 = 5*a + 4*r. What is j(a)?
4
Let k(a) be the third derivative of a**5/60 + 5*a**4/24 + a**3 + 26*a**2 - 1192*a + 2. Suppose -2*x - 4*r = -r + 19, 16 = -2*x - 2*r. Determine k(x).
6
Let v = 68 + -54. Let p = -18 + v. Let y be p/6 + 5/3 + -1. Let w(r) = r**2 - 5. Give w(y).
-5
Let p be 3*2/16 - 8398/(-304). Let h(n) = 26*n - 736. Calculate h(p).
-8
Let m be 5/(-55) - 138/(-66). Let l(g) = 41 - 10 - 165*g**2 + 164*g**m. Determine l(0).
31
Let u(i) = i - 30. Let q be 29/(-7) - (15 - 20) - 1296/(-56). Determine u(q).
-6
Let g(r) be the first derivative of -103 - 2/3*r**3 + 0*r**2 + r. What is g(1)?
-1
Let j(n) = n**2 + 5*n - 7. Suppose 217*i - 218*i + 2 = 0. Let c be (i/(-4) - -4)*-2. Calculate j(c).
7
Let q be -132 - (5 + (-2 - 4)). Let l = q + 135. Let d(p) = p**2 - 3*p + 5. What is d(l)?
9
Let q(j) = j**3 - 15*j**2 - 126*j + 20. Let h = 7124 - 7103. What is q(h)?
20
Let f(a) = a + 4. Suppose -l - 2*u + 20 = 31, 3*l + 18 = -u. Calculate f(l).
-1
Let j(y) be the third derivative of -y**6/120 + y**5/10 + y**4/6 - 13*y**3/2 + 4530*y**2 - 1. Determine j(5).
6
Suppose -8*s + 286 = 18*s. Let q(v) = v + 8. Let r(n) = -3. Let w(k) = s*r(k) + 4*q(k). Determine w(3).
11
Let z(g) = -8*g + 7. Let c = -10 + 11. Let y(u) = -u. Let x(w) = c*z(w) - 6*y(w). Suppose 4*b = 5*r + 14, 5*b - 8*b = -3*r - 6. Give x(r).
19
Let z(o) = 23*o**3 + o - 1. Suppose 8*q = 12*q + 4, 7 = 2*k - 5*q. Give z(k).
23
Suppose -19*a + 30*a = 396. Let t be -6 - -21 - a/9. Let z(m) = -3*m + 35. Calculate z(t).
2
Let c(i) = 3*i**2 + 4*i - 5. Let d = 254 - 235. Suppose -d*f - 23 = 53. Calculate c(f).
27
Let q(w) = -50 - 51 + 7*w + 157 + 24. Give q(-15).
-25
Let w(k) = k**3 + 5*k + k - 2*k**3 - 1 - 4*k**2. Let l(s) = -51*s - 2351. Let y be l(-46). Calculate w(y).
-6
Suppose 11*w = -50 + 72. Let q(d) = -3 - 4*d**2 + 6*d**2 - 3*d**w + 4*d - 3. Determine q(4).
-6
Let k(j) = 13*j - 164. Suppose -116*s = -85*s - 105 - 360. Give k(s).
31
Let o(d) = -7*d**2 + 3*d - 2. Let c(v) = -3*v**2 + v - 1. Let k(y) = 9*c(y) - 4*o(y). Let i(n) = -486*n + 12148. Let g be i(25). Calculate k(g).
9
Let f(r) = -r**3 - 6*r**2 + 7*r + 6. Let a be f(-7). Let h(j) be the second derivative of -7/6*j**3 + 0 + 9/2*j**2 + 45*j + 7/12*j**4 - 1/20*j**5. What is h(a)?
3
Let v(c) = -3*c**2 - c - 13. Suppose -8 = 656*k - 659*k - r, 5*r = -k - 2. Determine v(k).
-43
Let p(x) be the third derivative of -5*x**4/24 + 10*x**3 - 1522*x**2. Give p(10).
10
Let b(v) = v**2 + 3*v - 21. Suppose -3*o - 18 = 0, 9*o - 25 = f + 12*o. Give b(f).
7
Suppose 0*z + 5*z - 459 = 3*b, -z - b + 87 = 0. Let f = z + -90. Let w(l) be the first derivative of -l**4/4 - l**3/3 - l**2/2 - 7*l + 2. Calculate w(f).
-7
Let z(x) = x**3 - 5*x**2 + 5*x. Suppose 4*c = 9 + 3. Suppose c*a - 10 = -0*l - 2*l, -4*l + 20 = a. Suppose a = 5*d + 3*b - 8, -5*d + b + 20 = -4. What is z(d)?
4
Let a = 7524 + -7515. Let z(g) = g**2 - 11*g + 17. Calculate z(a).
-1
Suppose -5*a - 18 - 12 = -5*f, 0 = 2*f - 8. Let n(c) = 10*c**3 + 3*c**2 + 4*c + 1. What is n(a)?
-75
Let q(t) = 11*t**3 - 2*t**2 + t. Suppose -5*i - h + 3*h + 10 = 0, 0 = 3*h. Let x be 15 + -20 - (-2 + -2). Let b = i + x. Give q(b).
10
Let m be (0 + (-9 - 1))/1. Let b(s) = 2*s + 17*s + 8*s - 17 - 28*s. Give b(m).
-7
Let x(m) = 30*m - 30. Let b(l) = -43*l + 47. Let k(c) = 5*b(c) + 8*x(c). What is k(-2)?
-55
Let w = 10 + -3. Let n(s) = 5*s**3 - 5*s**2 - 8*s - 6. Let v = -485 + 491. Let t(k) = -6*k**3 + 5*k**2 + 9*k + 7. Let q(a) = v*t(a) + w*n(a). Calculate q(-4).
-8
Let l(p) = -2*p**2 + 16*p + 9. Let c(t) = 4*t**2 - 29*t - 17. Let v(q) = 6*c(q) + 11*l(q). Let y = -6 - -8. Let z = y - 0. What is v(z)?
9
Let p(y) = -627*y + 12538. Let s be p(20). Let a(i) = i - 1. Let t be a(4). Let d(b) = 3*b**2 + b + 2 - t*b**2 + 2*b**2. Determine d(s).
8
Let a(o) = o**3 + 7*o**2 + 10*o + 5. Suppose -2*g = -5*m - 33, 36*g - 33*g + 8 = -4*m. Calculate a(m).
5
Suppose 3*r + 5 = -2*h + 4*r, -12 = -4*r. Let a be 0 + h + (7 - -1). Let z(m) = -4502*m - 3 + 9001*m + 0 + 4 - 4500*m. What is z(a)?
-6
Let v(b) = -b + 22. Let k(q) = 372*q - 6340. Let x be k(17). Calculate v(x).
38
Let f(c) = -c + 1. Let y(a) = a - 2. Let p(o) = -3*f(o) - 4*y(o). Let r = 137233 + -137226. What is p(r)?
-2
Let y(c) = -4*c - 16 - 10*c - c**2 + 3*c. Suppose -46*b + 413 - 411 = 508. Give y(b).
-16
Suppose 5*t - 82 = 4*b + 19, 2*t + 4*b = 46. Let a = t + -20. Let r(q) = -10*q**2 - 18*q**2 + 9*q**2. Calculate r(a).
-19
Suppose 0 = 4*b + b - 10. Suppose 2*i = 55*i - 265. Let d(s) = 2*s**2 - 8*s**2 + 7*s**b - i*s. Calculate d(3).
-6
Let u(q) be the first derivative of 6*q**4 - q**2/2 + 2209. Let r be -2 - (0 + 4/(-4)). What is u(r)?
-23
Let h(g) = g - 2*g - g + 2*g**2. Suppose -162*t + 779 - 455 = 0. Give h(t).
4
Let u(p) be the third derivative of -p**6/120 - p**4/12 - p**3/2 - 2*p**2. Let d = -186 + 443. Let b = -259 + d. What is u(b)?
9
Suppose 5*n = 2*y - 22, -2*y = 5*n - 7 + 45. Suppose 2*u = 7*u + 25, 8045 = 3*b + 5*u. Let f(q) = -5377*q + 2686*q - 2 + b*q. What is f(n)?
4
Let m(k) = -2*k**2 - 6*k - 6. Let d be m(-4). Let v = d + 12. Let i(p) be the third derivative of -p**4/24 - 474*p**2. Give i(v).
2
Let z = -337 + 342. Let p(x) = x**2 - 6*x + 3. Let y(d) = -d**2 + 6*d - 4. Let k(i) = 6*p(i) + 5*y(i). What is k(z)?
-7
Let o = -3822 - -3820. Let u(k) = k**2 + 3*k + 6. Calculate u(o).
4
Let y(o) = o**3 + 10*o**2 - 10 + 14*o**2 + 63 - o**2 - 22*o. Let j be y(-24). Let z(m) = 2*m**2 - 5*m - 1. Determine z(j).
24
Suppose 4*t = 0, 0*t - 5*t = -f + 18. Suppose -10*w - 112 = -f*w. Let d(n) = -n**2 + 14*n + 3. What is d(w)?
3
Let j be -3 - (-2 - 24/3). Let q = -1 - j. Let t(r) = 14*r**3 + 6*r**3 + 9*r**2 + 10*r + 10*r**3 - 33*r**3 + 11 + 4*r**3. Determine t(q).
-5
Let i(m) be the third derivative of m**5/60 - 3*m**4/4 - 31*m**3/3 - 1621*m**2. Give i(21).
1
Let w(x) be the third derivative of x**6/120 + x**5/5 - x**4/8 - 10*x**3/3 + 1976*x**2. Give w(-12).
16
Let q(x) = 7*x**3 + 15*x**2 + 53*x - 32. Let o(k) = -22*k**3 - 46*k**2 - 167*k + 97. Let p(c) = 6*o(c) + 19*q(c). Calculate p(-8).
-2
Let p(o) = -o + 1. Let a(s) = s**2 - 2*s + 1. Let u(z) = -a(z) + 5*p(z). Let b be 15/(7 + -2) + 3. Suppose 5*q - 5 = t + 4*q, 0 = 3*q - b. Calculate u(t).
4
Let r(n) = 2*n**3 + 7*n**2 - n + 4. Let c(i) = 3*i**3 + 12*i**2 - 2*i + 7. Let t(s) = -3*c(s) + 5*r(s). Calculate t(2).
5
Let m(l) = 53*l + 7. Let x(h) = 9*h + 2. Let a(c) = -m(c) + 6*x(c). Suppose -3*j - 16 = t, 5*j = -2*t + 4*t - 45. What is a(j)?
-2
Let y(k) = 63171*k**3 - 4*k**2 - 63172*k**3 + 6 + 7*k - k**2. What is y(-6)?
0
Let f be ((-21)/6 - 1)/((-420)/(-1400)). Let s(g) = -g**3 - 12*g**2 + 44*g - 24. Calculate s(f).
-9
Let i(z) = -2*z**3 + 20*z**2 + 11*z - 9. Let h(f) = 3*f**3 - 30*f**2 - 18*f + 14. Let w(a) = -5*h(a) - 8*i(a). Give w(10).
22
Let l(q) = q**2 + 7*q + 7. Let n(z) = -2*z - 35. Let a be n(-3). Suppose -g = -6*g + 120. Let r = a + g. What is l(r)?
-3
Suppose 8*h - 5 = 7*h. Suppose 2*a = -h*w + 2, w - 5 = 2*a + 5. Let p(i) be the first derivative of i**3/3 + 5*i**2/2 - i + 1. Determine p(a).
-5
Let j be (0 + -5 + 6)/((-3)/(-3 - 24)). Let g(a) = 5*a - 17. What is g(j)?
28
Let a(x) = -x**3 - 8*x**2 - 9*x - 7. Suppose f = 2, 9 - 25 = 2*p - f. Let s be p/((7 - 5) + -1). Calculate a(s).
7
Let x(t) be the first derivative of -t**2/2 + 28*t + 10332. Calculate x(6).
22
Let b = 106 + -106. Let o(u) = -8*u + 8*u + 3*u - 14 - u + 22. Determine o(b).
8
Let f(l) = 5*l**2 + 9*l. Let b(n) = n**2 + n - 1. Let w(j) = 4*b(j) - f(j). Let t = 846 + -712. Suppose t*d + 45 = 125*d. Determine w(d).
-4
Let t be -6 - (1 + (1 - 1)). Suppose -2*s = 4*n - 246, 7*n - 6*n - 39 = 4*s. Let o(v) = -v + 28 - n + 27. What is o(t)?
3
Let s(b) = -b**3 - 6*b**2 + b - 2. Let k(z) = 7*z + 43. Let c = 699 + -706. Let o be k(c). What is s(o)?
-8
Let h(s) be the second derivative of s**3/3 + 6*s. Let m(f) = 13*f - 7*f + 0*f - 5*f**2 + 5 - f**3. Let r be m(-6). Calculate h(r).
10
Let n(x) = 3*x**2 - 9*x - 13. Let j = 2015 - 2011. Calculate n(j).
-1
Let v(x) = x**3 + 3. Let z(c) = -31*c**2 - 2*c + 4. Let a be z(2). Let b = a - -124. Determine v(b).
3
Let z(t) = -9*t + 2*t**3 - 2*t**3 - 3*t**3 + 8*t**2 + 8*t**3 - 3*t**3 + 11. Give z(-5).
6
Let s(y) = 30*y + 4. Let m(k) = 4*k + 3. Let g(b) = 